der when 2095 is divided by 590?
325
What is the remainder when 19578 is divided by 977?
38
What is the remainder when 167162 is divided by 167149?
13
What is the remainder when 148326 is divided by 1745?
1
Calculate the remainder when 39966 is divided by 634.
24
Calculate the remainder when 37450 is divided by 245.
210
Calculate the remainder when 5757 is divided by 928.
189
What is the remainder when 993990 is divided by 33?
30
What is the remainder when 917593 is divided by 35?
33
What is the remainder when 227734 is divided by 8?
6
What is the remainder when 2117 is divided by 210?
17
What is the remainder when 27462 is divided by 273?
162
Calculate the remainder when 445 is divided by 227.
218
What is the remainder when 1432343 is divided by 444?
443
Calculate the remainder when 14427 is divided by 266.
63
Calculate the remainder when 39624 is divided by 1070.
34
Calculate the remainder when 82974 is divided by 709.
21
What is the remainder when 4501 is divided by 1365?
406
What is the remainder when 1223 is divided by 21?
5
What is the remainder when 9612 is divided by 2400?
12
Calculate the remainder when 143497 is divided by 13.
3
What is the remainder when 429 is divided by 27?
24
What is the remainder when 13629 is divided by 6813?
3
What is the remainder when 11510 is divided by 295?
5
Calculate the remainder when 63938 is divided by 21307.
17
What is the remainder when 19834 is divided by 431?
8
What is the remainder when 21377 is divided by 3552?
65
What is the remainder when 32811 is divided by 1751?
1293
What is the remainder when 1001 is divided by 83?
5
What is the remainder when 218005 is divided by 1198?
1167
Calculate the remainder when 206 is divided by 101.
4
Calculate the remainder when 51074 is divided by 86.
76
What is the remainder when 33797 is divided by 18?
11
What is the remainder when 15810 is divided by 2613?
132
What is the remainder when 3340 is divided by 239?
233
Calculate the remainder when 6397 is divided by 1070.
1047
What is the remainder when 140326 is divided by 183?
148
Calculate the remainder when 42879 is divided by 873.
102
What is the remainder when 94480 is divided by 181?
179
What is the remainder when 8879 is divided by 189?
185
Calculate the remainder when 99550 is divided by 488.
486
What is the remainder when 295 is divided by 78?
61
Calculate the remainder when 169042 is divided by 5829.
1
What is the remainder when 1556 is divided by 78?
74
Calculate the remainder when 2926 is divided by 160.
46
Calculate the remainder when 6339 is divided by 6099.
240
Calculate the remainder when 7767 is divided by 456.
15
Calculate the remainder when 1723 is divided by 64.
59
Calculate the remainder when 1799332 is divided by 253.
249
Calculate the remainder when 9128 is divided by 2969.
221
Calculate the remainder when 47311 is divided by 1755.
1681
Calculate the remainder when 495300 is divided by 1744.
4
What is the remainder when 376264 is divided by 66?
64
Calculate the remainder when 3741 is divided by 197.
195
Calculate the remainder when 5690 is divided by 80.
10
Calculate the remainder when 1670 is divided by 680.
310
What is the remainder when 227571 is divided by 269?
266
Calculate the remainder when 1963819 is divided by 131.
129
What is the remainder when 757 is divided by 275?
207
Calculate the remainder when 680424 is divided by 87.
84
What is the remainder when 82430 is divided by 4848?
14
Calculate the remainder when 6446 is divided by 98.
76
What is the remainder when 27571 is divided by 27398?
173
What is the remainder when 2059 is divided by 489?
103
What is the remainder when 222673 is divided by 98?
17
Calculate the remainder when 21476 is divided by 36.
20
Calculate the remainder when 3671 is divided by 404.
35
Calculate the remainder when 96591 is divided by 229.
182
What is the remainder when 355050 is divided by 10759?
3
What is the remainder when 1116 is divided by 63?
45
What is the remainder when 5507 is divided by 262?
5
Calculate the remainder when 867901 is divided by 37.
29
What is the remainder when 1795058 is divided by 20?
18
Calculate the remainder when 19187 is divided by 95.
92
Calculate the remainder when 1046407 is divided by 18.
13
What is the remainder when 89037 is divided by 788?
781
Calculate the remainder when 7305 is divided by 107.
29
Calculate the remainder when 129549 is divided by 153.
111
Calculate the remainder when 5967 is divided by 37.
10
Calculate the remainder when 2453 is divided by 248.
221
What is the remainder when 263083 is divided by 26308?
3
Calculate the remainder when 13913 is divided by 116.
109
What is the remainder when 119013 is divided by 39668?
9
What is the remainder when 11111 is divided by 2210?
61
What is the remainder when 38867 is divided by 38845?
22
Calculate the remainder when 7903 is divided by 466.
447
Calculate the remainder when 18384 is divided by 3064.
0
What is the remainder when 592058 is divided by 197347?
17
What is the remainder when 11764 is divided by 491?
471
Calculate the remainder when 8063 is divided by 448.
447
What is the remainder when 5081 is divided by 1016?
1
What is the remainder when 4014 is divided by 1937?
140
Calculate the remainder when 212021 is divided by 347.
4
Calculate the remainder when 12414 is divided by 207.
201
Calculate the remainder when 33409 is divided by 711.
703
What is the remainder when 62412 is divided by 24?
12
Calculate the remainder when 105042 is divided by 47.
44
Calculate the remainder when 44041 is divided by 182.
179
What is the remainder when 24634 is divided by 227?
118
What is the remainder when 34100 is divided by 90?
80
Calculate the remainder when 160287 is divided by 22.
17
Calculate the remainder when 17250 is divided by 335.
165
What is the remainder when 134319 is divided by 24?
15
What is the remainder when 51613 is divided by 16?
13
What is the remainder when 136425 is divided by 147?
9
Calculate the remainder when 36073 is divided by 25.
23
What is the remainder when 30837 is divided by 2370?
27
What is the remainder when 324137 is divided by 17?
15
Calculate the remainder when 8443 is divided by 2805.
28
Calculate the remainder when 12317 is divided by 224.
221
Calculate the remainder when 12351 is divided by 98.
3
Calculate the remainder when 260278 is divided by 30.
28
What is the remainder when 15977 is divided by 20?
17
What is the remainder when 11104 is divided by 258?
10
Calculate the remainder when 16321 is divided by 53.
50
Calculate the remainder when 7706 is divided by 41.
39
What is the remainder when 4683 is divided by 47?
30
What is the remainder when 5448 is divided by 778?
2
Calculate the remainder when 3150 is divided by 1763.
1387
Calculate the remainder when 56680 is divided by 1829.
1810
What is the remainder when 163825 is divided by 40954?
9
Calculate the remainder when 89528 is divided by 15.
8
What is the remainder when 352510 is divided by 17?
15
Calculate the remainder when 825140 is divided by 45841.
2
What is the remainder when 6345 is divided by 785?
65
Calculate the remainder when 259510 is divided by 219.
214
Calculate the remainder when 13288 is divided by 24.
16
Calculate the remainder when 34285 is divided by 316.
157
Calculate the remainder when 349177 is divided by 68.
65
What is the remainder when 23454 is divided by 122?
30
What is the remainder when 37064 is divided by 37055?
9
Calculate the remainder when 216851 is divided by 450.
401
Calculate the remainder when 110424 is divided by 112.
104
What is the remainder when 1785 is divided by 1761?
24
Calculate the remainder when 9107 is divided by 1298.
21
Calculate the remainder when 12902 is divided by 6442.
18
What is the remainder when 20555 is divided by 187?
172
Calculate the remainder when 31889 is divided by 156.
65
Calculate the remainder when 1506 is divided by 21.
15
What is the remainder when 34603 is divided by 1059?
715
Calculate the remainder when 12551 is divided by 91.
84
What is the remainder when 11746 is divided by 17?
16
What is the remainder when 65889 is divided by 139?
3
What is the remainder when 22976 is divided by 548?
508
Calculate the remainder when 10010 is divided by 3323.
41
What is the remainder when 4279074 is divided by 163?
161
